n - 17. List the prime factors of m(-5).
3
Let m(c) = 4 - 12 - 5*c + 2 + 2*c**2. List the prime factors of m(5).
19
Suppose -4*b + 16 = -2*u, -3*u + u = 5*b - 20. Suppose -b*v = 5*t, -v = -3*v. Suppose t*j = -j + 14. List the prime factors of j.
2, 7
Let v(c) = 2*c**3 - 16*c**2 + 8*c + 13. List the prime factors of v(9).
13, 19
Let l be 7/(-3) - 3/(-9). What are the prime factors of l*(-3)/(-6) + 10?
3
Suppose -3*r = -0*r - 39. Let l(q) = -q**3 + 5*q**2 + 6*q + 8. Let j be l(6). Let i = r - j. What are the prime factors of i?
5
Let c = 4 + -2. Suppose 4*d + 3*k - 79 = 0, -4*d - c*k + k + 85 = 0. What are the prime factors of d?
2, 11
Suppose -4*m = -40 - 388. List the prime factors of m.
107
Let c(k) = k - 7. Let q be c(5). Let y be (0 - 4)/1 + q. List the prime factors of 12*(-2 - 16/y).
2
Suppose 5*y + 2 = -8. Let r = 2 - y. Suppose 60 = r*z + z. List the prime factors of z.
2, 3
Let c = 7 - 1. Let o(v) = v - 1. Let m be o(3). Suppose c = q - m. What are the prime factors of q?
2
Suppose u = -4*c + 70, c - 3*c - 306 = -5*u. List the prime factors of u.
2, 31
Let o(m) = -m**3 + m**3 + 5*m**2 - 4 - m**3 - 2*m. Let x = 2 - -1. List the prime factors of o(x).
2
Suppose -5*z + 248 + 692 = 0. List the prime factors of z.
2, 47
Let m = 33 - 17. List the prime factors of m.
2
Let c(g) = g**2 + 4*g + 6. Let x(y) = y**2 + 5*y - 5. Let a be x(-6). Let v = -5 + a. List the prime factors of c(v).
2, 3
Let f(q) = q**2 - 6*q + 2. Let p be f(6). What are the prime factors of p - 12/9*-3?
2, 3
Let g(v) = v**3 - 4*v**2 - 2*v + 3. Let r be g(3). Let c(y) = -y - 4. List the prime factors of c(r).
2
Suppose 4*c - 5*x + 4 = 0, 5*c - x - 4 = 3*x. Suppose 4*m = q + 2 - 13, -m = -4*q - 16. List the prime factors of c - 4 - m/1.
2
Suppose 98 - 17 = -3*p. Let g(n) = 42*n**3 - n**2. Let s be g(-1). Let d = p - s. What are the prime factors of d?
2
Let v = 61 - -72. List the prime factors of v.
7, 19
Suppose 5*c = -5*t + 525, 0 = -4*t + 4*c + 544 - 164. What are the prime factors of t?
2, 5
Let u = 207 + 49. What are the prime factors of u?
2
Let n = -330 + 463. List the prime factors of n.
7, 19
Let q be ((-8)/10)/((-16)/120). Suppose -q*i + 16 = -4*i. What are the prime factors of i?
2
What are the prime factors of (-5)/(-135)*6 - 1776/(-27)?
2, 3, 11
List the prime factors of 36 + 0*(-2)/(-8).
2, 3
Let m(j) = -9*j**2 + j. Let k be m(1). Let v = 9 - k. What are the prime factors of v?
17
Let v(k) = -3*k**3 - k**2 + k. Let s be v(1). List the prime factors of (0 - -17) + 2 + s.
2
Let c = 1 - -1. Suppose 0 = c*a - 25 + 9. What are the prime factors of a?
2
Suppose 504 = 3*l + 144. List the prime factors of l.
2, 3, 5
Suppose 4*c = 4 - 20, 5*c + 18 = 2*f. Let v(g) = 4*g**2 - g - 1. List the prime factors of v(f).
2
Suppose -5*r + 111 = -9. Suppose 5*o + r = -6. What are the prime factors of -2 + 14 - o/2?
3, 5
Let i(n) = n**2 + 10*n + 2. Let l be i(-7). Let u = 16 - l. Suppose -3 + u = 4*h. List the prime factors of h.
2
Let i be (-6)/(-8) - (-13)/4. List the prime factors of 0*1/i - -28.
2, 7
Suppose -6*n + 4*n - 2 = 0. Let l be (n/3)/(2/(-6)). List the prime factors of l + 8 + 4 + -1.
2, 3
Let d be (28/35)/((-2)/(-10)). Suppose h = -d*g + 171, -g + 96 = g + 4*h. List the prime factors of g.
2, 3, 7
Suppose 0 = -3*h + 290 - 44. List the prime factors of h.
2, 41
Let b(l) = -15*l**2 - 18*l - 11. Let a(u) = -7*u**2 - 9*u - 5. Let s(z) = 13*a(z) - 6*b(z). Let k be s(-8). List the prime factors of 30/(k/3) + 2.
2, 3
Suppose 37 = s - 14. List the prime factors of s.
3, 17
Suppose -92 - 228 = -5*m. List the prime factors of m.
2
Let g be 0 + 7/(28/8). Suppose g*t = 4*t - 34. List the prime factors of t.
17
Let r = 12 + 8. List the prime factors of r.
2, 5
What are the prime factors of (3 + 9)*14 - 4/(-1)?
2, 43
Suppose -15 = 6*s - 11*s. Suppose s*w - 2 - 13 = 0. Suppose 52 = 3*c + 5*b, -w*c - 2*b = 2*b - 65. List the prime factors of c.
3
Suppose f - 132 = -2*f. Suppose -2*d + 5*d + 4 = h, 0 = -5*h + d + 20. Suppose 0*m - f = -h*m. List the prime factors of m.
11
Suppose 2*m = -x + 3, -4*x = 3*m + 2*m. Suppose m*b - b - 21 = 0. List the prime factors of b.
7
Let n = 8 + -6. Let g be (-3 - -2)/((-1)/n). What are the prime factors of ((-4)/(-3))/(g/3)?
2
Let l(t) = 77*t**2 - 2*t + 1. What are the prime factors of l(1)?
2, 19
Let r = -17 - 5. What are the prime factors of (-4)/r - (-160)/88?
2
Let o = -4 - -5. Let i = o - -8. Let j = i + -3. What are the prime factors of j?
2, 3
Let x = 60 + -107. Let l = 85 + x. What are the prime factors of l?
2, 19
Let h = 25 + -20. List the prime factors of h.
5
Suppose 0*r - 420 = -2*r. Suppose -2*y - 3*y + r = 0. What are the prime factors of y?
2, 3, 7
Let s(u) = 3*u. Let g be 80/14 + (-8)/(-28). What are the prime factors of s(g)?
2, 3
Let c(r) be the third derivative of r**5/60 - r**4/4 + 2*r**3/3 - 2*r**2. Let o be c(6). Suppose -20 = -0*k - o*k. List the prime factors of k.
5
Let m(c) = c**2 - 3*c - 11. Let g be m(-5). Suppose -o - 4*q + 0 = -2, -o + 5*q = -g. List the prime factors of o.
2, 7
Suppose 5*n + 4 = -p + 11, -2*p + 3*n + 1 = 0. List the prime factors of p/(-12)*4*-15.
2, 5
Let d(z) = -z**3 + 5*z**2 + z + 3. Let j be d(5). Let i(h) = -h**3 - 1 + j*h - h**2 + 2*h**3 - 7*h**2. What are the prime factors of i(7)?
2, 3
Let v be -7 + 5 - 170/(-2). Suppose -d + 7 = -b + 36, -3*b = -5*d - v. List the prime factors of b.
31
Let j be ((-3)/(-6))/(1/24). Suppose 0 = -3*r + 7*r + j. List the prime factors of (r - -7)*2*1.
2
Suppose -3*b + 5 = -1. Suppose -b*n - 2 = -2*l + 6, -3*n = 4*l - 16. Suppose l*p - 2*z = p, 4*p + z - 11 = 0. What are the prime factors of p?
2
Suppose -r = -3*g - 176, 3*g = 3*r - 737 + 179. List the prime factors of r.
191
Let l(m) = -m**3 + 6*m**2 - m - 2. Let y be 0/(-3) + (-6)/(-3). Let z(s) = s**3 - s**2 + s - 1. Let a be z(y). List the prime factors of l(a).
2, 3
Let g(s) = s - 7. Let d be g(7). Suppose 3*o - 3*y - 4 = 2, d = 2*y. Suppose t - p - 8 = 0, -o*p - 17 = -3*t + 7. What are the prime factors of t?
2
Let k = 16 + 4. What are the prime factors of k?
2, 5
Let r(n) = -n**3 + 6*n**2 + 7*n + 3. Let u be r(7). What are the prime factors of 6/9 + 52/u?
2, 3
Let p be 14/(-10) + (-2)/(-5). Let q be 2*p*1 + 4. Suppose 0 = -3*x - q*l + 25, -29 + 9 = -4*l. List the prime factors of x.
5
List the prime factors of (-8)/((-73)/(-25) + -3).
2, 5
Let z = -5 + 8. Let k(f) = -3*f**3 - f**2 + 3*f + 1. Let g be k(-2). Suppose 5*j = z*p + j - g, -2*j + 25 = 5*p. List the prime factors of p.
5
Suppose -2*l + 4*f = -432, -2*f - 434 = l - 3*l. What are the prime factors of l?
2, 109
Let v(l) = l + 6. Let j be v(-4). Suppose 0 = 3*p + 4*z + j, z = p + 5*z + 14. What are the prime factors of p?
2, 3
Let r be (-136)/(-20) - 1/(-5). Suppose 5*x - 2*v = -r*v + 50, -x + 5*v = -40. List the prime factors of x.
3, 5
Let j(x) = -27*x - 38. List the prime factors of j(-10).
2, 29
Let d be 70/21 - (-1)/(-3). Let u(g) = 10*g**2 + 19 + d*g - 6 + 7*g + g**3. What are the prime factors of u(-9)?
2
List the prime factors of (-4)/(-18) - 1624/(-63).
2, 13
Suppose -5*n = -0*n. Suppose -6*y + 2*y + 80 = n. What are the prime factors of y?
2, 5
Suppose 0 = 2*h + 4, 3*y - 4*h + 359 = 4*y. What are the prime factors of y?
367
Suppose 2*j = -5*l - 0*l + 145, 5*j - 5*l = 310. List the prime factors of j.
5, 13
Let w be (-44)/(-11) - 2/2. Suppose -3*c = w*b - 6, b - 5*c - 11 = -b. What are the prime factors of b?
3
Suppose 0 = 2*l - 0*l - 6. Suppose 2*r + 5 - l = 0. Let q(k) = -18*k. List the prime factors of q(r).
2, 3
Suppose 2*y + 6 = m, -3*m - m = y + 21. Let l = m + 8. What are the prime factors of l?
2
Suppose -2*h = 4*j - j - 65, h - 20 = -j. What are the prime factors of j?
5
Let h = -17 - -24. Let d = h - 4. Let z = 6 - d. List the prime factors of z.
3
Suppose 3*k + 4*u - 335 = 0, -94 = 4*k + u - 519. List the prime factors of k.
3, 5, 7
Let h = 145 - 76. Suppose 3*a - h = 3. Suppose 3*y + a = 2*w - 17, -w = -3*y - 25. What are the prime factors of w?
2
Let z(s) = -7*s**3 - 14*s**2 - 11*s + 2. Let x(w) = 13*w**3 + 27*w**2 + 21*w - 3. Let d(h) = 6*x(h) + 11*z(h). List the prime factors of d(-7).
2, 3
Suppose 23*p = 25*p - 186. What are the prime factors of p?
3, 31
Let v(r) = 4*r - 4. Let w be v(5). Suppose -2*j - 2*k = 3*k + 7, 0 = 